a3 + 216be?
21861
In base 8, what is 1 - 5061353?
-5061352
In base 10, what is -4 - 234366?
-234370
In base 3, what is 202111221 + 222?
202112220
In base 16, what is af5832 + -5?
af582d
In base 3, what is 222222220 - -1222122?
1001222112
In base 7, what is 65 - -3411024?
3411122
In base 14, what is 1a339 - 296?
1a083
In base 15, what is 3 - 2503b9?
-2503b6
In base 16, what is -6b8b8 + 2e1?
-6b5d7
In base 12, what is 736575aa + -1?
736575a9
In base 2, what is 1100110001010000110100101 + -100?
1100110001010000110100001
In base 15, what is -ac + -110005?
-1100b2
In base 10, what is -120038 + 90?
-119948
In base 6, what is -1333 - -2141452?
2140115
In base 10, what is -2061935 - 27?
-2061962
In base 7, what is 1 + 12535052?
12535053
In base 2, what is -100101001100011100111011010 - -1?
-100101001100011100111011001
In base 8, what is -36443626 + 3?
-36443623
In base 12, what is 2 - 11a998?
-11a996
In base 10, what is -261940 - -2715?
-259225
In base 16, what is 460 - -17f2?
1c52
In base 13, what is -1a69ab7 - -b4?
-1a69a03
In base 11, what is -17a8 - -1a447?
1874a
In base 8, what is 17011 + 440?
17451
In base 10, what is -20288 - 155?
-20443
In base 16, what is 18074 + 257?
182cb
In base 11, what is -11 + 1022342a?
10223419
In base 7, what is -1 + 52220323?
52220322
In base 14, what is -1 + -83c6?
-83c7
In base 11, what is 7095 + 904?
7999
In base 7, what is -43256542 + 2?
-43256540
In base 10, what is -2 - 1625793?
-1625795
In base 13, what is -43a5 - -3835?
-870
In base 9, what is 36811 + 208?
37120
In base 6, what is 202134 - -33122?
235300
In base 14, what is -6540 - 1bc?
-671c
In base 5, what is 2004012 - 430134?
1023323
In base 16, what is 2 - -4b7a75?
4b7a77
In base 14, what is 232a + b183?
d4ad
In base 7, what is 11 - 13255033?
-13255022
In base 16, what is -11088 - -1f4?
-10e94
In base 8, what is 104542106 + -5?
104542101
In base 10, what is 3 - 45190796?
-45190793
In base 6, what is -544031 - 104?
-544135
In base 8, what is 72471752 - -2?
72471754
In base 11, what is -2611407a - -1?
-26114079
In base 16, what is -284a9 + 7?
-284a2
In base 8, what is 1243304 - -120?
1243424
In base 7, what is -11 + 101400216?
101400205
In base 13, what is 12b - 8451?
-8323
In base 4, what is -1200011 + -1201002?
-3001013
In base 7, what is 154446 - 61?
154355
In base 2, what is -10111010101010 - -101010?
-10111010000000
In base 15, what is 1 + -a24cbb?
-a24cba
In base 15, what is 9ae + 330b2?
33a71
In base 13, what is -54 + 18710?
18689
In base 5, what is 134014 + -112310?
21204
In base 15, what is 1 + 1156843?
1156844
In base 16, what is -940 + 19b28?
191e8
In base 9, what is 435 + 141076?
141522
In base 13, what is 57 + 254c072?
254c0c9
In base 5, what is 12300 - 1213241?
-1200441
In base 2, what is 10000100001010000001111 + 1?
10000100001010000010000
In base 14, what is -18 - 95a01?
-95a19
In base 2, what is 110000110011101 - 1000000101?
101111110011000
In base 11, what is -308088a - 3?
-3080892
In base 13, what is 77cc + 7206?
11a05
In base 10, what is -53659 - 508?
-54167
In base 12, what is -91a97b6 + -2?
-91a97b8
In base 2, what is 10010010100110 + -11111101?
10001110101001
In base 16, what is 26 + 18043?
18069
In base 11, what is -33aa64 - -6?
-33aa59
In base 13, what is -50b - 42cb?
-4809
In base 8, what is 4 + -37376665?
-37376661
In base 6, what is -15 + 452142024?
452142005
In base 3, what is -11100020210201 - -120?
-11100020210011
In base 10, what is -10157360 + -10?
-10157370
In base 14, what is 0 + 193175a?
193175a
In base 5, what is -101 - 3230431200?
-3230431301
In base 16, what is -3f9a + -3f1?
-438b
In base 6, what is 1 + -14051023032?
-14051023031
In base 13, what is -5cc09 - -48?
-5cb91
In base 15, what is 6 - -58396?
5839c
In base 4, what is -2331 - -3230032311?
3230023320
In base 9, what is 200 - -64776?
65076
In base 11, what is 39870 - a85?
38896
In base 6, what is -355 + -2035342?
-2040141
In base 9, what is 1065311 - -436?
1065747
In base 12, what is 59 - 634435?
-634398
In base 13, what is -88a3a04 - 19?
-88a3a20
In base 16, what is 47d2a10 + -3?
47d2a0d
In base 12, what is a51 - -44447?
45298
In base 4, what is 12110320231 + 30?
12110320321
In base 13, what is -253 + 452823?
4525a0
In base 4, what is -121303321 + -3120?
-121313101
In base 12, what is 1ba9 - -a3b14?
a5b01
In base 9, what is 118376 - 1753?
116523
In base 5, what is 100030 + 40141?
140221
In base 5, what is -4 - 1132323200400?
-1132323200404
In base 4, what is -20220 - 100333200?
-101020020
In base 15, what is 1 - 7e8d?
-7e8c
In base 6, what is 224 + -1050032?
-1045404
In base 5, what is -10221244141 - -1?
-10221244140
In base 11, what is -2a403 - 41a?
-2a822
In base 4, what is -11 - 1002312000311?
-1002312000322
In base 6, what is -124300255400 - -1?
-124300255355
In base 8, what is -6736123 - 72?
-6736215
In base 15, what is 127b94 - -a?
127b9e
In base 14, what is 1bd + 21a2b?
21c0a
In base 5, what is -2414132 - -101320?
-2312312
In base 3, what is 2112 - -100121110201210?
100121110211022
In base 5, what is -3 - -332211311143?
332211311140
In base 14, what is -10b42db1 - -2?
-10b42dad
In base 14, what is -81917c + -1?
-81917d
In base 10, what is -8 + 2213522?
2213514
In base 3, what is 1111220 - -2011220210201?
2011222022121
In base 4, what is -23 - -22113311333?
22113311310
In base 8, what is 1067736 - -4?
1067742
In base 15, what is 6a8ab - 33?
6a878
In base 2, what is 110 - -10010000101111111010111?
10010000101111111011101
In base 9, what is -4 - -15068735?
15068731
In base 3, what is 2222112021002111 - 10?
2222112021002101
In base 6, what is 345221501 + 22?
345221523
In base 8, what is 263 + -164725?
-164442
In base 10, what is -135377398 + 1?
-135377397
In base 6, what is 243305 - 3313?
235552
In base 5, what is -1004 + -2302312113?
-2302313122
In base 8, what is -401 - 1624027?
-1624430
In base 3, what is -2 - 2110212122100?
-2110212122102
In base 3, what is 2200020122121010 + -2?
2200020122121001
In base 13, what is 704 - 832?
-12b
In base 4, what is 13203120021 + 22101?
13203202122
In base 11, what is -3855930 + -20?
-3855950
In base 3, what is -22 + -11102212021020?
-11102212021112
In base 10, what is -299 - 1880071?
-1880370
In base 6, what is 34342 + 441550?
520332
In base 8, what is -5724 + -247363?
-255307
In base 13, what is -44 - 14640?
-14684
In base 9, what is 67276 - -103?
67380
In base 7, what is -4 + -1510031425?
-1510031432
In base 16, what is -553 - 1af?
-702
In base 16, what is -41e74559 - -1?
-41e74558
In base 6, what is -2 + -155345125?
-155345131
In base 13, what is 0 - 171690b?
-171690b
In base 15, what is 2c8a6e4 - -3?
2c8a6e7
In base 16, what is -1dd3 - 2d46?
-4b19
In base 15, what is 5a6c2ba - 0?
5a6c2ba
In base 15, what is -2d8 - -7263e?
72356
In base 11, what is 199a4a + 10?
199a5a
In base 12, what is -b346 - -174?
-b192
In base 16, what is -a9bd8 + -1?
-a9bd9
In base 14, what is 567993 - 7?
56798a
In base 5, what is -31024 + -114420?
-200444
In base 6, what is -554024 + 2312?
-551312
In base 11, what is 1097387 - 15?
1097372
In base 15, what is 20 + -35b6485?
-35b6465
In base 14, what is 1 - 4334757?
-4334756
In base 14, what is 860 - -b015?
b875
In base 3, what is 20 - 21001222120200?
-21001222120110
In base 3, what is 1000010120210 + 210?
1000010121120
In base 16, what is -10 + ba1981?
ba1971
In base 6, what is -32330 - 4314?
-41044
In base 16, what is 71 + 2da6a?
2dadb
In base 13, what is 549018a - 1?
5490189
In base 11, what is -114694988 + 0?
-114694988
In base 3, what is -120121210 - -202210?
-112212000
In base 14, what is -8 + 3c84dd?
3c84d5
In base 12, what is 303 - -112659?
112960
In base 14, what is -4b57b - -2dd?
-4b27c
In base 5, what is 104 - 42410120?
-42410011
In base 10, what is -4 + -35012941?
-35012945
In base 8, what is 1 + 62030652?
62030653
In base 3, what is 100 - 11011011120022?
-11011011112222
In base 7, what is -166 + -3200160?
-3200356
In base 2, what is -1000 + 11100101001111010011000?
11100101001111010010000
In base 11, what is 521 - 155744?
-155223
In base 6, what is 2330 - -11333432?
11340202
In base 5, what is -114020114114 - -10?
-114020114104
In base 6, what is -22142034 + 1523?
-22140111
In base 14, what is -844 - -706a3?
6dc5d
In base 12, what is 35 + 19019?
19052
In base 13, what is -4c0b4